-2*w**3 + 18*w**2 - 18*w + 17. Suppose -2*a + 4*l = -6, 5*a + 2*l - 50 = -11. Let q be x(a). Calculate the greatest common divisor of q and 145.
29
Suppose 40*j - 507 = 6773. Let h(k) = 3*k**2 + k - 2. Let b be h(3). What is the highest common divisor of b and j?
14
Let h be (36/(-24))/((-27)/35460). Calculate the greatest common factor of h and 30.
10
Suppose -39 = -7*b + 10. Let q(t) = 3*t**3 - 3*t**2 + t + 1. Let i be q(1). Calculate the greatest common factor of b and i.
1
Suppose -44 = 3*z - 164. Let y be (-300)/z*28/(-5). Calculate the greatest common factor of y and 24.
6
Let u = 301 + -456. Let f be (-4)/20 + u/(-25). What is the greatest common factor of 3 and f?
3
Let f = -125 + 133. Let n be (3/4)/((-254)/32 + f). Calculate the highest common factor of 48 and n.
12
Suppose -8*q - 3*q = 0. Suppose 2*b + 2*b + 3*k + 1 = 0, q = -2*b - k + 1. Calculate the greatest common factor of b and 50.
2
Suppose 23 = 59*s - 921. Suppose -60 = -4*w + w. What is the highest common divisor of w and s?
4
Let w(r) = r**2 - 5*r. Let y be w(5). Suppose y*d = 8*d - 1056. Suppose 3*g = -4*v + 3*v + 95, -4*g + 4*v = -d. What is the greatest common divisor of g and 80?
16
Suppose 29 = 5*v + 9, 2*g = -4*v + 296. What is the greatest common factor of 20 and g?
20
Let f be ((-88)/352)/(2/(-40)). Suppose 4*z - 12 = 4*y, 3*y - 5 = 2*y - 3*z. Let t be 26 + 2/y - -1. Calculate the greatest common divisor of f and t.
5
Let q = -82 + -104. Let o = q + 228. Calculate the greatest common factor of o and 30.
6
Let g be 36 + -25 - 7/(-1). Suppose 0 = -15*r + g*r - 3. Calculate the greatest common factor of 5 and r.
1
Let a(p) = 4*p**3 + 112*p**2 - 241*p - 7. Let z be a(-30). Calculate the greatest common divisor of z and 57.
1
Let m = 12612 + 2162. What is the greatest common factor of 332 and m?
166
Let u be 2/(((-40105)/1545)/13 + 2). Calculate the greatest common divisor of 3 and u.
3
Suppose -14*w + 115 = 31. Calculate the highest common factor of 3 and w.
3
Suppose -u - 2*c + 12080 = -5682, 2 = -c. Calculate the greatest common factor of 72 and u.
18
Suppose 0 = 1522*t - 1517*t + 3*w - 165, -2*t + 87 = -3*w. Calculate the highest common factor of 25248 and t.
12
Let q be (-12 - (-1989)/34)*(24/4 - -2). Calculate the greatest common factor of q and 15066.
186
Suppose 68*v + 2188 = 3*p + 63*v, -2*v = 4*p - 2952. What is the highest common factor of 230 and p?
46
Let a be (5 - 4) + 31 - -2. Suppose -41*d + 2100 = -a*d. What is the highest common factor of 10 and d?
10
Let k = -4097 + 4789. Calculate the greatest common divisor of 10207 and k.
173
Let v be (2 - -1)*(-14)/(-14). Suppose 2*z + v - 21 = 0. Suppose r = 5*a + 25 - 1, 0 = 3*a + z. Calculate the greatest common factor of 63 and r.
9
Suppose 0 = 17*z + 9*z + 39*z - 19760. What is the highest common factor of 72 and z?
8
Let x(v) be the first derivative of 637*v**3/3 + 2*v**2 - v - 187. Let n be x(1). What is the highest common factor of n and 20?
20
Suppose 0 = 18*d - 2330 + 170. Suppose -q + d = 2*q - 2*r, -3*q + 129 = -5*r. What is the greatest common divisor of 76 and q?
38
Suppose -889*z = -925*z + 432. Calculate the greatest common factor of z and 196.
4
Let l = 17 - 12. Let s = 1962 - 1958. Suppose -115 = -s*y + l*d + 8, 4*y - 3*d = 117. Calculate the highest common divisor of 1 and y.
1
Let f(z) = z**3 - 28*z**2 + 28*z - 22. Let v be f(27). Suppose -5*b + 294 = -2*c - 677, 185 = b - v*c. Calculate the highest common divisor of 60 and b.
15
Suppose 20*r - 1759 - 726 = 395. Calculate the highest common divisor of r and 162.
18
Let b = 1 + 14. Let s = 343 - 340. Suppose 0 = s*v - y - 175, -4*v + 5*y = -275 + 60. What is the highest common factor of v and b?
15
Suppose 8*a - 155 = 2293. Let z be 1/(-8 - a/(-38)). What is the highest common factor of 3 and z?
1
Suppose -l + 22 = -4*z, -4*z + 9*z + 31 = 3*l. Let n(u) = -u**2 + 26*u + 966. Let f be n(-20). What is the greatest common divisor of l and f?
2
Let o be 730/(-8) + 4/(19 - 3). Let n = 102 + o. Calculate the highest common factor of 77 and n.
11
Let z(q) = q**3 + 4*q**2 - 6*q - 6. Let g be z(-4). Let t be ((90/40)/((-21)/8))/(1/(-42)). What is the greatest common factor of g and t?
18
Let q(r) = -r + 9. Let l be q(6). Suppose 14 = 2*g - 88. Calculate the highest common divisor of l and g.
3
Suppose -3*g + 1384 = 79. Let k = g + -411. Calculate the highest common divisor of 60 and k.
12
Let s(n) = 44*n + 2*n**2 - 28*n - 35 - 17*n. Let b be s(7). Calculate the highest common factor of 4 and b.
4
Let o = 59 - 13. Let b = -710 - -716. Calculate the highest common factor of o and b.
2
Let q = -2632 - -2738. Calculate the highest common divisor of 583 and q.
53
Let x = 10161 + 6977. What is the highest common factor of 123 and x?
41
Let o be ((-572)/66)/(2/15). Let p be 894/15 + (-26)/o. Calculate the greatest common factor of 12 and p.
12
Suppose -9*q + 22 = -293. Let j be (-36)/15*(-475)/57. Calculate the highest common divisor of j and q.
5
Let n be 411*1 + (123 - 129). What is the highest common factor of 540 and n?
135
Let z be (-1 - -2)/((-7495)/937 + 8). Suppose -z - 2141 = -9*i. Calculate the greatest common factor of 54 and i.
18
Let n be (8/(-5))/((208/(-40))/13). Let l be n*1094/4 + (-8)/(-2). What is the highest common divisor of 18 and l?
18
Let x(k) = 9*k**2 + 3*k. Let c be x(5). Suppose 3*v = 2*d + 472, -v = d + 1603 - 1742. What is the highest common divisor of c and v?
30
Let o(x) = -2*x + 36. Let l be o(4). Let d = 224 - 203. Calculate the greatest common factor of l and d.
7
Let n be (-26800)/(-536)*(-1 + 9/5). Let t be 4/(-14) - (-13446)/21. What is the greatest common divisor of t and n?
40
Suppose -y + 1 = 0, 4*y + 730 = z - 490. Suppose -118*x = -127*x + z. Calculate the greatest common factor of 17 and x.
17
Suppose 52800 = 2211*f - 2181*f. Calculate the greatest common factor of f and 240.
80
Let m be 11*(-66)/(-242) - 946/(-2). Calculate the greatest common divisor of 9639 and m.
119
Let q(w) = 64*w**2 - 315*w + 1882. Let o be q(6). What is the highest common divisor of o and 205?
41
Suppose 6*t = -2*a + 7*t + 413, -5*a = -4*t - 1043. Calculate the greatest common factor of 630 and a.
7
Let r(d) = 31*d + 31. Let b(o) = -o**3 - 15*o**2 - 14*o + 8. Let l be b(-14). Let u be r(l). What is the highest common factor of u and 31?
31
Suppose 0 = 13*k - 3*k + 28*k - 3344. What is the greatest common factor of k and 110?
22
Let h be (-4 + (6 - 135/30))/(10/(-2616)). Calculate the greatest common divisor of 9 and h.
3
Suppose 0 = -2*u + 13*u - 209. Suppose -t - 15 = -u. Let g be 5 - (1 + 3/(-1 + t)). What is the highest common factor of 3 and g?
3
Suppose 8*i + 3550 = 5470. What is the greatest common factor of i and 88?
8
Let i = -2557 - -2599. Let s = -242 + 347. Calculate the greatest common divisor of s and i.
21
Let c(r) = r**3 + 60*r**2 - r - 59. Let h be c(-60). Calculate the greatest common divisor of h and 349.
1
Suppose 39*k = 28*k + 253. Suppose 4*w + 196 = 4*y, k = -4*w + 7. What is the highest common divisor of y and 225?
45
Suppose -66*a + 140 = -46*a. Let d(s) = s - 16. Let w be d(9). Let z be 3/(-5 + 2)*w. What is the highest common divisor of a and z?
7
Suppose -3*d + 122 + 31 = 0. Let w = d - 50. What is the highest common divisor of 3 and w?
1
Let x(w) = 1250*w**2 - 396*w + 394. Let d be x(1). Calculate the greatest common factor of d and 144.
48
Suppose -d - 6*d - 1484 = 0. Let l = -205 - d. Let q = -1 - -8. Calculate the highest common factor of l and q.
7
Let z(v) = 2*v**2 + 66*v + 117. Let w be z(-33). Calculate the highest common factor of w and 2.
1
Suppose -1227 = -5*m - n, 0 = -3*m - n + 56 + 681. Calculate the greatest common divisor of m and 1.
1
Let k = 430 + -426. Suppose 2*s - 12 = -k*w, 3*s + 5*w = 8*s - 15. Suppose -3*o = -l - 0*l + 4, 4*o = 4*l - 32. What is the highest common divisor of l and s?
2
Let s(t) = 198*t + 1022. Let x be s(-5). What is the highest common divisor of x and 304?
16
Suppose 103 = 4*n + 5*d, -20 = -2*n - 3*d + 31. Calculate the greatest common divisor of n and 23193.
27
Suppose 0 = f + k - 8, -31 = -f - f - 5*k. Suppose 0 = 2*u + 3*u + 2*n - 46, -3*n = -f*u + 36. What is the highest common factor of 15 and u?
5
Let b = -279195 - -279285. Let k(c) = -37*c - 1. Let r be k(-1). What 